{"id":176,"date":"2021-05-07T13:16:03","date_gmt":"2021-05-07T13:16:03","guid":{"rendered":"https:\/\/klausniedermeier.de\/?page_id=176"},"modified":"2026-04-23T06:14:56","modified_gmt":"2026-04-23T06:14:56","slug":"startseite","status":"publish","type":"page","link":"https:\/\/klausniedermeier.de\/","title":{"rendered":"Startseite"},"content":{"rendered":"\n<h2 class=\"wp-block-heading has-text-align-center\"><\/h2>\n\n\n\n<p class=\"has-text-align-center has-black-color has-text-color has-link-color wp-elements-442fe3f63086ace5df799473d7394e94\">Hohe Kundenzufriedenheit ist kein Zufall.<br>Bewusst liegen unsere Schwerpunkte auf Qualit\u00e4t und optimalen L\u00f6sungen.<\/p>\n\n\n\n<p class=\"has-text-align-center has-white-color has-accent-background-color has-text-color has-background\" style=\"font-size:20px\"><strong>\u00d6FFNUNGSZEITEN<\/strong><\/p>\n\n\n\n<p class=\"has-text-align-center has-black-color has-text-color\">Montag und Dienstag 08:30 &#8211; 12:00 Uhr | 13:30 &#8211; 18:00 Uhr<br>Donnerstag 08:30 &#8211; 12:00 Uhr | 13:30 &#8211; 19:00 Uhr<br>Freitag 08:30 &#8211; 16:00 | durchgehend<br>Aus gesundheitlichen Gr\u00fcnden ist unser Laden bis auf weiteres<strong> mittwochs ganzt\u00e4gig geschlossen<\/strong><br><br><br><strong>Vereinbaren Sie heute noch einen Beratungstermin! Tel.: 09961\/90033<\/strong><\/p>\n","protected":false},"excerpt":{"rendered":"<p>Hohe Kundenzufriedenheit ist kein Zufall.Bewusst liegen unsere Schwerpunkte auf Qualit\u00e4t und optimalen L\u00f6sungen. \u00d6FFNUNGSZEITEN Montag und Dienstag 08:30 &#8211; 12:00 Uhr | 13:30 &#8211; 18:00 UhrDonnerstag 08:30 &#8211; 12:00 Uhr | 13:30 &#8211; 19:00 UhrFreitag 08:30 &#8211; 16:00 | durchgehendAus gesundheitlichen Gr\u00fcnden ist unser Laden bis auf weiteres mittwochs ganzt\u00e4gig [&hellip;]<\/p>\n","protected":false},"author":2,"featured_media":0,"parent":0,"menu_order":0,"comment_status":"closed","ping_status":"closed","template":"","meta":{"footnotes":""},"class_list":["post-176","page","type-page","status-publish","hentry"],"_links":{"self":[{"href":"https:\/\/klausniedermeier.de\/index.php?rest_route=\/wp\/v2\/pages\/176","targetHints":{"allow":["GET"]}}],"collection":[{"href":"https:\/\/klausniedermeier.de\/index.php?rest_route=\/wp\/v2\/pages"}],"about":[{"href":"https:\/\/klausniedermeier.de\/index.php?rest_route=\/wp\/v2\/types\/page"}],"author":[{"embeddable":true,"href":"https:\/\/klausniedermeier.de\/index.php?rest_route=\/wp\/v2\/users\/2"}],"replies":[{"embeddable":true,"href":"https:\/\/klausniedermeier.de\/index.php?rest_route=%2Fwp%2Fv2%2Fcomments&post=176"}],"version-history":[{"count":112,"href":"https:\/\/klausniedermeier.de\/index.php?rest_route=\/wp\/v2\/pages\/176\/revisions"}],"predecessor-version":[{"id":982,"href":"https:\/\/klausniedermeier.de\/index.php?rest_route=\/wp\/v2\/pages\/176\/revisions\/982"}],"wp:attachment":[{"href":"https:\/\/klausniedermeier.de\/index.php?rest_route=%2Fwp%2Fv2%2Fmedia&parent=176"}],"curies":[{"name":"wp","href":"https:\/\/api.w.org\/{rel}","templated":true}]}}